{"id":192,"date":"2016-06-04T16:00:26","date_gmt":"2016-06-04T14:00:26","guid":{"rendered":"http:\/\/rote-funken-neunkirchen.de\/?page_id=192"},"modified":"2026-01-10T16:20:28","modified_gmt":"2026-01-10T15:20:28","slug":"minis","status":"publish","type":"page","link":"https:\/\/rote-funken-neunkirchen.de\/?page_id=192","title":{"rendered":"Rote F\u00fcnkchen"},"content":{"rendered":"<table style=\"border-collapse: collapse; width: 100%; height: 163px;\">\n<tbody>\n<tr style=\"height: 19px;\">\n<td style=\"width: 50%; height: 19px;\"><strong>Kateline Davidsh\u00f6fer<\/strong><\/td>\n<td style=\"width: 50%; height: 19px;\"><strong>Mira Matthias<\/strong><\/td>\n<\/tr>\n<tr style=\"height: 18px;\">\n<td style=\"width: 50%; height: 18px;\"><strong>Sofie Ha\u00dfdenteufel<\/strong><\/td>\n<td style=\"width: 50%; height: 18px;\"><strong>Mila-Matthy M\u00fcller<\/strong><\/td>\n<\/tr>\n<tr style=\"height: 18px;\">\n<td style=\"width: 50%; height: 18px;\"><strong>Cleo Herrmann<\/strong><\/td>\n<td style=\"width: 50%; height: 18px;\"><strong>Ilenia Restuccia<\/strong><\/td>\n<\/tr>\n<tr style=\"height: 18px;\">\n<td style=\"width: 50%; height: 18px;\"><strong>Henry Noah Histel<\/strong><\/td>\n<td style=\"width: 50%; height: 18px;\"><strong>Sofia Scrivo<\/strong><\/td>\n<\/tr>\n<tr style=\"height: 18px;\">\n<td style=\"width: 50%; height: 18px;\"><strong>Luisa Jochum<\/strong><\/td>\n<td style=\"width: 50%; height: 18px;\"><strong>Clara Sutter<\/strong><\/td>\n<\/tr>\n<tr style=\"height: 18px;\">\n<td style=\"width: 50%; height: 18px;\"><strong>Emilia Elena Koebrich<\/strong><\/td>\n<td style=\"width: 50%; height: 18px;\"><strong>Amara Pruszak<\/strong><\/td>\n<\/tr>\n<tr style=\"height: 18px;\">\n<td style=\"width: 50%; height: 18px;\"><strong>Jaroslav Kolbek<\/strong><\/td>\n<td style=\"width: 50%; height: 18px;\"><strong>Emilia Pruszak<\/strong><\/td>\n<\/tr>\n<tr style=\"height: 18px;\">\n<td style=\"width: 50%; height: 18px;\"><strong>Milena Kolbek<\/strong><\/td>\n<td style=\"width: 50%; height: 18px;\"><strong>Liya Monya Varli<\/strong><\/td>\n<\/tr>\n<tr style=\"height: 18px;\">\n<td style=\"width: 50%; height: 18px;\"><strong>Alessio Mannella<\/strong><\/td>\n<td style=\"width: 50%; height: 18px;\"><strong>Nea Wagner<\/strong><\/td>\n<\/tr>\n<\/tbody>\n<\/table>\n<p class=\"text\">Schon seit Jahren \u00fcberraschen uns die beiden Trainerinnen mit <br \/>tollen Ideen und Kost\u00fcmen, die von ihnen selbst gen\u00e4ht werden. <br \/>Die Roten F\u00fcnkchen werden geleitet von <strong>Birgit<\/strong> und <strong>Monya Histel<\/strong>. Unsere Kleinsten sind zwischen 3 und 6 Jahren alt und trainieren montags ab 16:30 Uhr in unserem Funkenheim in der Zweibr\u00fccker Stra\u00dfe 23 in Neunkirchen. Interessierte Kinder sind sehr herzlich willkommen!<\/p>\n<p class=\"text\">\u00a0<\/p>\n\n\n<figure class=\"wp-block-image size-large\"><img loading=\"lazy\" decoding=\"async\" width=\"1024\" height=\"528\" src=\"http:\/\/rote-funken-neunkirchen.de\/wp-content\/uploads\/2026\/01\/202511_Rotefunken_vereinsheft_148x210_BEL-24-1024x528.jpg\" alt=\"\" class=\"wp-image-1682\" srcset=\"https:\/\/rote-funken-neunkirchen.de\/wp-content\/uploads\/2026\/01\/202511_Rotefunken_vereinsheft_148x210_BEL-24-1024x528.jpg 1024w, https:\/\/rote-funken-neunkirchen.de\/wp-content\/uploads\/2026\/01\/202511_Rotefunken_vereinsheft_148x210_BEL-24-300x155.jpg 300w, https:\/\/rote-funken-neunkirchen.de\/wp-content\/uploads\/2026\/01\/202511_Rotefunken_vereinsheft_148x210_BEL-24-768x396.jpg 768w, https:\/\/rote-funken-neunkirchen.de\/wp-content\/uploads\/2026\/01\/202511_Rotefunken_vereinsheft_148x210_BEL-24.jpg 1386w\" sizes=\"(max-width: 1024px) 100vw, 1024px\" \/><\/figure>\n","protected":false},"excerpt":{"rendered":"<p>Kateline Davidsh\u00f6fer Mira Matthias Sofie Ha\u00dfdenteufel Mila-Matthy M\u00fcller Cleo Herrmann Ilenia Restuccia Henry Noah Histel Sofia Scrivo Luisa Jochum Clara Sutter Emilia Elena Koebrich Amara Pruszak Jaroslav Kolbek Emilia Pruszak Milena Kolbek Liya Monya Varli Alessio Mannella Nea Wagner Schon seit Jahren \u00fcberraschen uns die beiden Trainerinnen mit tollen Ideen und Kost\u00fcmen, die von ihnen &hellip; <a href=\"https:\/\/rote-funken-neunkirchen.de\/?page_id=192\" class=\"more-link\"><span class=\"screen-reader-text\">Rote F\u00fcnkchen<\/span> weiterlesen <span class=\"meta-nav\">&rarr;<\/span><\/a><\/p>\n","protected":false},"author":1,"featured_media":1684,"parent":83,"menu_order":0,"comment_status":"closed","ping_status":"closed","template":"","meta":{"footnotes":""},"_links":{"self":[{"href":"https:\/\/rote-funken-neunkirchen.de\/index.php?rest_route=\/wp\/v2\/pages\/192"}],"collection":[{"href":"https:\/\/rote-funken-neunkirchen.de\/index.php?rest_route=\/wp\/v2\/pages"}],"about":[{"href":"https:\/\/rote-funken-neunkirchen.de\/index.php?rest_route=\/wp\/v2\/types\/page"}],"author":[{"embeddable":true,"href":"https:\/\/rote-funken-neunkirchen.de\/index.php?rest_route=\/wp\/v2\/users\/1"}],"replies":[{"embeddable":true,"href":"https:\/\/rote-funken-neunkirchen.de\/index.php?rest_route=%2Fwp%2Fv2%2Fcomments&post=192"}],"version-history":[{"count":21,"href":"https:\/\/rote-funken-neunkirchen.de\/index.php?rest_route=\/wp\/v2\/pages\/192\/revisions"}],"predecessor-version":[{"id":1709,"href":"https:\/\/rote-funken-neunkirchen.de\/index.php?rest_route=\/wp\/v2\/pages\/192\/revisions\/1709"}],"up":[{"embeddable":true,"href":"https:\/\/rote-funken-neunkirchen.de\/index.php?rest_route=\/wp\/v2\/pages\/83"}],"wp:featuredmedia":[{"embeddable":true,"href":"https:\/\/rote-funken-neunkirchen.de\/index.php?rest_route=\/wp\/v2\/media\/1684"}],"wp:attachment":[{"href":"https:\/\/rote-funken-neunkirchen.de\/index.php?rest_route=%2Fwp%2Fv2%2Fmedia&parent=192"}],"curies":[{"name":"wp","href":"https:\/\/api.w.org\/{rel}","templated":true}]}}