{"id":277,"date":"2016-06-05T14:37:22","date_gmt":"2016-06-05T12:37:22","guid":{"rendered":"http:\/\/rote-funken-neunkirchen.de\/?page_id=277"},"modified":"2023-05-28T15:14:51","modified_gmt":"2023-05-28T13:14:51","slug":"aufnahmeantrag","status":"publish","type":"page","link":"https:\/\/rote-funken-neunkirchen.de\/?page_id=277","title":{"rendered":"Aufnahmeantrag"},"content":{"rendered":"<p>Bei Interesse an einer Mitgliedschaft, oder wenn Sie uns einfach nur einmal ungezwungen kennenlernen m\u00f6chten, nehmen Sie Kontakt zu uns auf. Wir suchen immer Frauen, M\u00e4nner und Kinder\/Jugendliche, die von der Faasenacht begeistert sind und einen Beitrag dazu leisten m\u00f6chten. Es gibt viele M\u00f6glichkeiten um bei den Roten Funken aktiv zu werden. Schauen Sie doch einfach mal unter dem Men\u00fcpunkt Sparten nach und finden Sie das passende f\u00fcr sich.<br \/>\nSo wird&#8217;s gemacht:<\/p>\n<p align=\"left\">Einfach unten auf Aufnahmeantrag klicken, um den Antrag runter zu laden. Dann einfach ausdrucken, ausf\u00fcllen und an folgende Adresse senden:<br \/>\nJ\u00f6rg Ruf, Neunkircher Stra\u00dfe 56, 66583 Elversberg<\/p>\n<p align=\"left\"><a href=\"http:\/\/rote-funken-neunkirchen.de\/wp-content\/uploads\/2023\/05\/Ausnahmeantrag-2023.pdf\" target=\"_blank\" rel=\"noopener\">Aufnahmeantrag Rote Funken<\/a><\/p>\n<p align=\"left\">\n","protected":false},"excerpt":{"rendered":"<p>Bei Interesse an einer Mitgliedschaft, oder wenn Sie uns einfach nur einmal ungezwungen kennenlernen m\u00f6chten, nehmen Sie Kontakt zu uns auf. Wir suchen immer Frauen, M\u00e4nner und Kinder\/Jugendliche, die von der Faasenacht begeistert sind und einen Beitrag dazu leisten m\u00f6chten. Es gibt viele M\u00f6glichkeiten um bei den Roten Funken aktiv zu werden. Schauen Sie doch &hellip; <a href=\"https:\/\/rote-funken-neunkirchen.de\/?page_id=277\" class=\"more-link\"><span class=\"screen-reader-text\">Aufnahmeantrag<\/span> weiterlesen <span class=\"meta-nav\">&rarr;<\/span><\/a><\/p>\n","protected":false},"author":1,"featured_media":0,"parent":0,"menu_order":0,"comment_status":"closed","ping_status":"closed","template":"","meta":{"footnotes":""},"_links":{"self":[{"href":"https:\/\/rote-funken-neunkirchen.de\/index.php?rest_route=\/wp\/v2\/pages\/277"}],"collection":[{"href":"https:\/\/rote-funken-neunkirchen.de\/index.php?rest_route=\/wp\/v2\/pages"}],"about":[{"href":"https:\/\/rote-funken-neunkirchen.de\/index.php?rest_route=\/wp\/v2\/types\/page"}],"author":[{"embeddable":true,"href":"https:\/\/rote-funken-neunkirchen.de\/index.php?rest_route=\/wp\/v2\/users\/1"}],"replies":[{"embeddable":true,"href":"https:\/\/rote-funken-neunkirchen.de\/index.php?rest_route=%2Fwp%2Fv2%2Fcomments&post=277"}],"version-history":[{"count":4,"href":"https:\/\/rote-funken-neunkirchen.de\/index.php?rest_route=\/wp\/v2\/pages\/277\/revisions"}],"predecessor-version":[{"id":1603,"href":"https:\/\/rote-funken-neunkirchen.de\/index.php?rest_route=\/wp\/v2\/pages\/277\/revisions\/1603"}],"wp:attachment":[{"href":"https:\/\/rote-funken-neunkirchen.de\/index.php?rest_route=%2Fwp%2Fv2%2Fmedia&parent=277"}],"curies":[{"name":"wp","href":"https:\/\/api.w.org\/{rel}","templated":true}]}}